o. Let x be ((-4)/(-8)*o)/2. Suppose -7*m + 2*m + 4*l = -785, -5*m + 5*l + 785 = x. Is m a composite number?
False
Let w(i) = -i**3 - 2*i**2 - i + 4. Suppose -a - 9 + 7 = 0. Let y be w(a). Suppose 7*s - 291 = y*s. Is s prime?
False
Let d(p) = -p**3 - 2*p**2 - 2*p - 1. Let r be (3/6)/((-3)/12). Let t be d(r). Suppose -5*o + 4848 = 4*s - 2041, t*o - 4163 = 5*s. Is o a composite number?
False
Let i(d) = -d**2 + 2*d + 2. Let w be i(0). Suppose 4*x + 5*n = w*x - 20, 3*x - 16 = 4*n. Is (-13542)/(-8) + x - (-4)/16 prime?
True
Let c(d) = -d**3 + 11. Let f be c(0). Let v(q) = -82*q**2 + q**3 + 6 + 174*q**2 + 6 - 78*q**2 - 10*q. Is v(f) a composite number?
False
Let r = 36 - -886. Suppose 99*f = 95*f + 724. Suppose -r = -3*g - f. Is g composite?
True
Suppose -15527*h - 832890 = -15533*h. Is h a composite number?
True
Let t(v) be the first derivative of -7027*v**2/2 + 76*v - 215. Is t(-1) composite?
False
Let h(f) = -770*f**2 - 24*f + 67. Let m be h(3). Let g = -1318 - m. Is g a composite number?
True
Suppose 2*g + 2*k + 8069 - 42953 = 0, -3*g + 3*k + 52332 = 0. Is g a composite number?
False
Let p(v) = 25*v**2 + 4*v - 10. Let a be p(4). Let s = 401 - 176. Let x = a + s. Is x a prime number?
True
Suppose -18*a = -5*a + 3679. Let n = 500 + a. Is n prime?
False
Let s = 47651 - 32778. Let i = -9234 + s. Is i composite?
False
Suppose 5*z + 9144 = 2*q - 6656, -5*z + 39430 = 5*q. Suppose 6*y - q + 324 = 0. Is y prime?
False
Let x(k) = -33*k**3 + 9*k**2 - 6*k - 1. Is x(-15) a composite number?
False
Suppose 0 = 15*q + 628 - 3283. Suppose -6*c + q = -6957. Is c prime?
False
Suppose 368*u = 366*u. Let l(a) = a**3 - 7*a**2 + 9*a - 4. Let x be l(6). Is 47 + u + (x - 10) composite?
True
Suppose -32*u - 424*u + 110468738 + 15724246 = 0. Is u a composite number?
False
Let y(o) = 72*o**2 + 514*o - 89. Is y(-42) a prime number?
True
Let w be -28094 - 1 - (-7 + 1). Let r = -19484 - w. Is r prime?
False
Let g = -1816 - -995. Let m = g + 1700. Is m a composite number?
True
Suppose 0 = j - 6*j - 55. Let x = 1432 - 1427. Is -2 - j/x - 2856/(-20) a prime number?
False
Suppose -617*z + 698*z = 14307921. Is z a composite number?
False
Suppose 2*v + 5*l - 23 = 0, -9 = -3*v - 2*l + 9. Suppose -4*b - 5*p = -58086, v*p = -4*b + 54197 + 3887. Is b prime?
True
Let h be (4/(-3))/((-4)/36). Suppose 0 = h*j - 5*j - 21. Suppose -j*k = 3*z - 2*z - 7355, -z = 4. Is k a composite number?
True
Let n(t) = 483*t**2 + 122*t - 634. Is n(-71) composite?
True
Let w(q) = -235*q + 2. Let f = -21 - -15. Let x be -6 - (12/(-6))/((-4)/f). Is w(x) composite?
True
Suppose 0 = 2*f - 4*h - 2826, 11*f + 39198 = 39*f + 5*h. Is f a composite number?
True
Suppose -y + 71103 = -2*o, -1955*o - 213314 = -3*y - 1954*o. Is y a composite number?
True
Let r(k) = 5578*k + 917 - k**3 - 5578*k - 3*k**2. Is r(0) a composite number?
True
Let m(a) = -a**2 - 3*a + 1. Let o be m(-2). Suppose 522 = 2*f - 4*y, 4*y = 3*f + o*y - 758. Is f a prime number?
True
Let z(c) = -116*c**3 - 8*c**2 - 14*c + 4. Let y be z(-6). Let l = y - 11510. Is l a prime number?
False
Is -1*28*1754633/(-388) a composite number?
True
Suppose 38471081 = 57*b - 556306. Is b a prime number?
False
Let i be (-6)/(-21) + 55786/14. Suppose -5*v - 5755 = i. Let y = 2889 + v. Is y prime?
True
Is 104062 + (0 - 2)/((-58)/29)*7 prime?
False
Suppose r - 26 = 5*t, -3*t - 2*r = t + 32. Is 8781*(t - 57/(-9)) a composite number?
False
Let o be (1 - 3154/(-10)) + (-8)/20. Is -2 - (-5)/20*47*o a composite number?
True
Suppose 33*q + 42612 = 333969. Let y = 7 - 4. Suppose -q = -3*g - y*k - 3117, 0 = -4*g + k + 7601. Is g a composite number?
False
Suppose 9*x = 2*x + 14742. Let i = x + 2987. Is i prime?
False
Let d(x) = -2*x + 8. Let m be d(3). Suppose 5*j = 3*z - 0*z + 76, 2*z = -m*j - 56. Is (-3)/z*-3*-366 prime?
False
Let b be (60/16)/((-9)/(-12)). Suppose 4 = -b*r + 29. Is r + -3 + 7*131 composite?
False
Let m(r) = r**2 + 522*r - 367. Is m(106) a prime number?
False
Let y = -85330 - -164183. Is y prime?
True
Let n(i) = i**3 - 2*i**2 + 5*i - 5. Let z be n(3). Let m(w) = -7*w - 17*w + z - 2 + 5. Is m(-20) prime?
False
Let z(s) = 2024*s - 1174*s + 3 + 3632*s + 4. Is z(1) a prime number?
False
Let v(s) = 6*s - 20. Let q be v(4). Suppose 0*t = 3*t - 2*b - 499, -338 = -2*t - q*b. Suppose 7*i - 134 = t. Is i a composite number?
False
Let s be (-4)/(-6)*42/7. Suppose 0 = -5*q - 4*d + 21, -q - 4*d - 3 + s = 0. Let o(a) = a**3 + 5*a - 1. Is o(q) a prime number?
True
Suppose d + 18*x - 21*x = 60420, 3*x = -d + 60438. Is d a composite number?
True
Let v(f) be the third derivative of f**6/120 - f**5/6 + 7*f**4/12 + 5*f**3/6 - 14*f**2. Let t be v(13). Suppose t - 59 = k. Is k prime?
False
Suppose -133487399 = 51*u - 119*u - 71*u. Is u a prime number?
True
Suppose -6*k = -4*k + 4*k. Suppose 2*m - 3*q - 11126 = k, 4*m - 3*q - 19455 = 2785. Is m a composite number?
False
Let f = -424 + 426. Let a = 2 + 0. Is ((-234)/(-4) - a)*f prime?
True
Suppose -991*s + 914067 = 4*w - 992*s, -4*s = 5*w - 1142589. Is w a composite number?
False
Let c = -384091 - -555464. Is c a prime number?
False
Let o(c) = -9*c**2 + 2*c**3 - 36 - 3*c - 3*c**3 + 11*c - 2*c. Let b be o(-10). Suppose -197 = -4*k + 3*g, -192 = -3*k - k + b*g. Is k a prime number?
True
Let t(q) = -3500*q + 6506. Is t(-31) composite?
True
Let x(j) = j**3 + j**2 + 5*j + 25. Let g(a) = -a**2 - 3*a + 22. Let c be g(-5). Let p be x(c). Let t = 4878 - p. Is t prime?
False
Suppose -6*o + 195450 = -212917 - 155291. Is o composite?
True
Let t(w) = -3*w**3 - 6*w**2 - 9*w + 7. Let s be t(-7). Let h = 84 + -302. Let n = h + s. Is n a composite number?
False
Let i = -614103 - -930134. Is i a composite number?
False
Let a = 59722 - 23481. Is a a composite number?
False
Suppose -5*r - 196 - 70 = -2*z, -2*z - 4*r + 302 = 0. Suppose 5*s + 5*k = 3*s + z, 0 = 4*s - 5*k - 241. Suppose -s - 250 = -2*x. Is x a composite number?
False
Suppose -59018143 - 76986089 = -312*d. Is d a composite number?
True
Let v be (-35616)/196 + 2/(-7). Let d = v + 4903. Is d prime?
True
Let n = -334689 - -534142. Is n a prime number?
True
Suppose 14*h + 40 = 10*h. Is 6*16255/h*4/(-6) a prime number?
False
Suppose 3*q = 5*q + 63324. Is -1*(q/22 - (-8)/44) a composite number?
False
Let y(c) = 1 - 2*c + 0*c + c + 0*c. Let x(d) = -2*d**3 + 14*d**2 - 14*d + 18. Let l(b) = -x(b) + 5*y(b). Is l(12) composite?
True
Is 47085665/170*(-2)/(-11) composite?
False
Let g be (-3)/(-1) + 3 + -63. Let h = g + 56. Let u(p) = -588*p - 1. Is u(h) a composite number?
False
Suppose 4*h = 3*j - 7, 3*h + 2 + 2 = 2*j. Suppose 3*p - 2984 = -2*d + 7118, -2*d + j*p + 10102 = 0. Suppose -1709 + d = 6*s. Is s composite?
False
Let d(o) = 1136*o**2 + 8*o + 19. Let c be (-36)/10 + 1 + (-2)/5. Is d(c) composite?
True
Suppose 2*n + 76 = -2*p, -110 = 3*n + 2*p + 2*p. Let c = n + 70. Let h = c + 39. Is h composite?
False
Let k(i) = -34*i**2 - 8*i - 23. Let a(t) = -69*t**2 - 17*t - 47. Let d(g) = 4*a(g) - 9*k(g). Is d(13) prime?
False
Suppose 168*x - 18396 = 175*x. Let q = x + 4957. Is q a prime number?
False
Suppose 300*p - 284*p = 8243632. Is p prime?
True
Suppose 3*t = -5*l + 1005038, -12*t - 1340059 = -16*t - 5*l. Is t composite?
False
Suppose 2*s - 3*s - r = -1334, 5*r - 3998 = -3*s. Suppose -s = -6*w + 6218. Is w a prime number?
True
Let y = 147 + -87. Suppose y = 2*p + 16. Is 24/12 - 22*p/(-4) prime?
False
Let m be ((-390)/104)/(3*(-2)/1264). Is 1*(-5)/2*m/(-25) a prime number?
True
Let r(t) = -397*t - 3. Let s be r(-2). Let y = 1329 - 143. Let w = y - s. Is w prime?
False
Let m(x) = 12 - 25 + 8 + 14*x**2 + 40*x. Is m(-16) a prime number?
True
Let f(a) = a**3 + 29*a**2 - 30*a + 3. Let x be f(-30). Suppose 2*l - x*b = -b + 146, -3*l + 226 = 4*b. Suppose 266*g = 268*g - l. Is g composite?
False
Suppose -103787 + 176363 = 28*q - 560168. Is q composite?
True
Let f = -35282 + 10919. Is f/45*30/(-2) a composite number?
True
Suppose 8 = 3*a - 4*y + 26, -2*a + 3*y - 13 = 0. Let l(z) = -8 - 73*z - 3 - 566*z. Is l(a) prime?
False
Let j(s) = 62*s**2 - 4*s + 2803. Is j(78) prime?
True
Suppose -2*g - s + 1 - 3 = 0, -4*s = g - 6. Is 1931*(-3 - -1)*1/g composite?
False
Suppose -5*o = 3*h - 15, -9*o + 25 = -6*o + 5*h. Suppose o = -7*c - 44 + 2095. Is c a prime number?
True
Let z be (-8)/(-14) - (-3)/(84/1804). Let x = z